16
-71
What is 130 (base 8) in base 13?
6a
What is 0 (base 12) in base 4?
0
-10 (base 6) to base 10
-6
-12a (base 13) to base 11
-177
Convert -7 (base 13) to base 12.
-7
-11 (base 5) to base 10
-6
-39 (base 15) to base 7
-105
Convert -13 (base 13) to base 11.
-15
-454 (base 8) to base 2
-100101100
-7 (base 13) to base 15
-7
What is 9 (base 14) in base 6?
13
Convert 110010 (base 2) to base 8.
62
What is 10 (base 5) in base 7?
5
What is 35 (base 14) in base 6?
115
-111 (base 2) to base 13
-7
3 (base 15) to base 14
3
133 (base 7) to base 9
81
2 (base 15) to base 4
2
-1 (base 9) to base 13
-1
10 (base 3) to base 6
3
20 (base 11) to base 7
31
108 (base 10) to base 9
130
Convert -1112 (base 3) to base 2.
-101001
-4 (base 7) to base 16
-4
1 (base 3) to base 14
1
Convert -7 (base 9) to base 3.
-21
Convert -5 (base 14) to base 8.
-5
-312 (base 4) to base 8
-66
Convert -42 (base 6) to base 8.
-32
29 (base 11) to base 8
37
Convert 0 (base 14) to base 15.
0
0 (base 2) to base 4
0
-b (base 13) to base 9
-12
-50 (base 7) to base 9
-38
-10100 (base 2) to base 5
-40
What is -37 (base 10) in base 14?
-29
What is -1 (base 11) in base 15?
-1
Convert 3 (base 15) to base 16.
3
Convert -100 (base 2) to base 12.
-4
What is 0 (base 13) in base 10?
0
2 (base 7) to base 3
2
Convert -2 (base 14) to base 4.
-2
What is -10100 (base 2) in base 15?
-15
Convert -5 (base 6) to base 5.
-10
Convert 220 (base 5) to base 11.
55
What is 30 (base 4) in base 3?
110
Convert 5a (base 14) to base 7.
143
31 (base 14) to base 5
133
-5c (base 13) to base 14
-57
110 (base 10) to base 15
75
Convert -4 (base 15) to base 8.
-4
What is 49 (base 10) in base 9?
54
What is -25 (base 13) in base 2?
-11111
Convert -1021 (base 4) to base 12.
-61
342 (base 6) to base 15
8e
What is -1 (base 9) in base 4?
-1
Convert -b9 (base 15) to base 13.
-105
What is 9 (base 15) in base 2?
1001
16 (base 16) to base 9
24
-11000 (base 3) to base 4
-1230
-30 (base 7) to base 6
-33
4 (base 13) to base 11
4
Convert 11c (base 14) to base 5.
1342
Convert -82 (base 10) to base 9.
-101
What is d (base 16) in base 12?
11
0 (base 2) to base 10
0
What is 5 (base 8) in base 12?
5
Convert -100 (base 2) to base 10.
-4
Convert -11 (base 4) to base 11.
-5
b1 (base 14) to base 2
10011011
31 (base 9) to base 7
40
What is -12 (base 9) in base 8?
-13
Convert 22 (base 14) to base 9.
33
What is 6a (base 15) in base 16?
64
192 (base 10) to base 3
21010
Convert -11 (base 7) to base 13.
-8
-4 (base 14) to base 11
-4
Convert -55 (base 12) to base 9.
-72
Convert -19 (base 13) to base 16.
-16
What is 12 (base 14) in base 8?
20
What is 39 (base 12) in base 11?
41
What is 30 (base 14) in base 11?
39
-5 (base 9) to base 8
-5
What is -156 (base 8) in base 14?
-7c
205 (base 6) to base 7
140
103 (base 7) to base 9
57
What is 1 (base 4) in base 10?
1
7 (base 11) to base 12
7
4 (base 5) to base 10
4
Convert -8 (base 15) to base 14.
-8
What is 3 (base 12) in base 8?
3
Convert -33 (base 4) to base 8.
-17
What is -13 (base 14) in base 8?
-21
What is -75 (base 10) in base 16?
-4b
What is 40 (base 5) in base 7?
26
-14 (base 10) to base 12
-12
Convert -41 (base 7) to base 12.
-25
Convert 332 (base 5) to base 7.
161
Convert -10001010 (base 2) to base 5.
-1023
Convert -2 (base 13) to base 15.
-2
What is 14c (base 13) in base 11?
1a2
What is -8 (base 11) in base 5?
-13
Convert -3 (base 14) to base 8.
-3
What is -102 (base 10) in base 2?
-1100110
Convert -33 (base 12) to base 2.
-100111
Convert -44 (base 6) to base 15.
-1d
What is -4 (base 5) in base 16?
-4
-1 (base 5) to base 13
-1
Convert 9 (base 16) to base 3.
100
-10 (base 2) to base 6
-2
-9 (base 10) to base 14
-9
Convert 4 (base 12) to base 11.
4
201 (base 6) to base 3
2201
Convert 34 (base 7) to base 14.
1b
Convert -1 (base 2) to base 3.
-1
51 (base 14) to base 6
155
15 (base 6) to base 14
b
What is -29 (base 12) in base 7?
-45
-303 (base 4) to base 12
-43
1101011 (base 2) to base 4
1223
101 (base 3) to base 9
11
-20 (base 8) to base 7
-22
-1 (base 11) to base 12
-1
Convert 26 (base 15) to base 12.
30
What is 23 (base 16) in base 11?
32
a2 (base 13) to base 4
2010
Convert 1 (base 11) to base 16.
1
Convert 2011 (base 4) to base 8.
205
What is 2a (base 14) in base 2?
100110
Convert -105 (base 10) to base 3.
-10220
-101010 (base 2) to base 3
-1120
Convert 7 (base 14) to base 11.
7
Convert -30 (base 10) to base 11.
-28
Convert -10 (base 2) to base 6.
-2
Convert 221 (base 8) to base 10.
145
What is 116 (base 10) in base 7?
224
What is 111 (base 3) in base 15?
d
Convert -121 (base 4) to base 2.
-11001
-2 (base 14) to base 12
-2
Convert -11 (base 2) to base 7.
-3
Convert -c8 (base 13) to base 5.
-1124
Convert -2 (base 16) to base 15.
-2
15 (base 6) to base 15
b
Convert -20 (base 4) to base 11.
-8
Convert 1 (base 14) to base 11.
1
-84 (base 12) to base 11
-91
What is 1055 (base 6) in base 8?
373
27 (base 8) to base 10
23
What is 313 (base 5) in base 7?
146
Convert 74 (base 8) to base 11.
55
Convert -8 (base 16) to base 11.
-8
-21a (base 12) to base 8
-466
What is -2 (base 14) in base 8?
-2
2 (base 6) to base 14
2
-35 (base 8) to base 11
-27
Convert -255 (base 8) to base 16.
-ad
Convert -101 (base 2) to base 6.
-5
What is 124 (base 11) in base 14?
a7
What is 101 (base 2) in base 14?
5
Convert 2 (base 12) to base 16.
2
What is 0 (base 9) in base 6?
0
Convert 2 (base 13) to base 15.
2
What is -2a (base 14) in base 10?
-38
Convert -2 (base 14) to base 13.
-2
-5d (base 14) to base 16
-53
Convert -40 (base 6) to base 13.
-1b
Convert -10 (base 8) to base 11.
-8
What is -112 (base 10) in base 14?
-80
What is 1 (base 13) in base 12?
1
What is -27 (base 12) in base 13?
-25
230 (base 5) to base 4
1001
Convert -92 (base 10) to base 12.
-78
What is 25 (base 8) in base 2?
10101
-122 (base 5) to base 2
-100101
Convert 3 (base 11) to base 2.
11
What is -5e (base 16) in base 6?
-234
What is 181 (base 10) in base 3?
20201
What is -12 (base 13) in base 8?
-17
41 (base 7) to base 8
35
-32 (base 13) to base 8
-51
Convert -101001 (base 2) to base 8.
-51
Convert 3 (base 10) to base 6.
3
Convert 13 (base 12) to base 11.
14
What is -6 (base 11) in base 2?
-110
-1 (base 16) to base 6
-1
What is 19 (base 12) in base 10?
21
What is -10 (base 2) in base 12?
-2
2 (base 7) to base 11
2
5 (base 14) to base 5
10
-1 (base 4) to base 8
-1
What is -6 (base 16) in base 5?
-11
Convert -c (base 15) to base 10.
-12
-29 (base 12) to base 8
-41
Convert 123 (base 4) to base 14.
1d
What is 7 (base 10) in base 16?
7
Convert 12 (base 10) to base 15.
c
What is 2 (base 12) in base 15?
2
What is -9 (base 12) in base 2?
-1001
What is 3 (base 16) in base 5?
3
Convert -1 (base 5) to base 12.
-1
3 (base 16) to base 13
3
What is 0 (base 7) in base 12?
0
What is 242 (base 6) in base 7?
200
Convert -26 (base 9) to base 3.
-220
What is -2 (base 16) in base 5?
-2
96 (base 11) to base 16
69
Convert -33 (base 7) to base 3.
-220
Convert -14 (base 11) to base 13.
-12
Convert 5 (base 9) to base 12.
5
What is -1d (base 14) in base 2?
-11011
Convert 434 (base 5) to base 15.
7e
11 (base 2) to base 4
3
-b (base 15) to base 5
-21
Convert 16 (base 10) to base 9.
17
0 (base 9) to base 8
0
What is -53 (base 15) in base 4?
-1032
Convert 25 (base 8) to base 10.
21
What is 33 (base 13) in base 2?
101010
-6 (base 9) to base 6
-10
What is 6 (base 9) in base 11?
6
-9 (base 14) to base 9
-10
2 (base 14) to base 8
2
Convert -3 (base 4) to base 3.
-10
Convert -c (base 13) to base 10.
-12
What is 219 (base 10) in base 6?
1003
What is -4 (base 8) in base 3?
-11
Convert -33 (base 5) to base 4.
-102
18 (base 14) to base 13
19
What is b7 (base 15) in base 3?
20101
1 (base 2) to base 13
1
What is -15 (base 13) in base 2?
-10010
What is -1 (base 8) in base 15?
-1
0 (base 15) to base 3
0
4 (base 16) to base 14
4
-2 (base 13) to base 16
-2
-1 (base 5) to base 3
-1
What is -1b (base 15) in base 2?
-11010
What is -426 (base 8) in base 15?
-138
Convert -11110 (base 2) to base 5.
-110
What is 241 (base 5) in base 4?
1013
Convert -1010110 (base 2) to base 5.
-321
Convert 100 (base 2) to base 11.
4
Convert 5 (base 9) to base 8.
5
Convert 100 (base 3) to base 15.
9
What is 5 (base 16) in base 15?
5
What is 0 (base 10) in base 12?
0
What is -12 (base 4) in base 13?
-6
Convert 76 (base 12) to base 15.
6